= 11*v + 12. Let o(p) = 5*c(p) + 8*f(p). Let n(b) = 2*b - 6. Let g be n(4). What is o(g)?
-3
Let n(c) = 3*c**2 - 2*c + 2. Suppose -2*v + 4 = -j, 0*j - 2*j + 16 = 4*v. Suppose 5*l - v - 7 = 0. Give n(l).
10
Let l be 4 + 4 - (-1 + 1 + 3). Let k(f) = f**2 - 3*f - 6. Give k(l).
4
Let q = -157 - -163. Let z(t) = t**2 - 13*t + 8. Give z(q).
-34
Suppose -5*s + 15 + 25 = 0. Suppose 0 = -v + 16 + s. Suppose v = -11*o + 15*o. Let m(p) = -p**2 + 7*p. What is m(o)?
6
Let t(k) = k - 6. Let l = 4 - 17. Let o(f) = 2*f + 6. Let w be o(6). Let p = w + l. Calculate t(p).
-1
Let i(r) = -2 + r + 2 + 7. Let g be ((-8)/(-6))/((-18)/(-81)). Calculate i(g).
13
Let u(z) = 17 - 3*z + 9 - 17 + 19. Give u(12).
-8
Let m(c) = -c - 13. Let j(t) = t + 12. Let a(z) = 3*j(z) + 2*m(z). Let n = 26322 + -26322. Give a(n).
10
Let w(s) = 2*s**3 + s**2 - 15*s + 15. Let a be w(1). Let q(t) be the first derivative of 8 - 3*t**2 + 1/4*t**4 - 4/3*t**a - 2*t. What is q(5)?
-7
Let m(a) = 4*a - 11. Let x = -679 + 688. Give m(x).
25
Let u = 9 - 6. Let m(h) = -4*h + 1. Let o(c) = -c**3 + 5*c**2 + 7*c. Let b(a) = 3*m(a) + o(a). Calculate b(u).
6
Let x be ((-3)/2)/((-2)/4). Let r = -8 - -12. Let v(q) = 11*q - r*q - 5*q - 2*q**2. Determine v(x).
-12
Let p(f) = -5*f**2 - f + 5. Let y(b) = 9*b**2 + 3*b - 9. Let n(r) = -7*p(r) - 4*y(r). Let v = -65 - -61. Determine n(v).
5
Let n(k) = -5*k - 12. Suppose 19 - 7 = -3*o - h, -3 = 2*o - h. What is n(o)?
3
Let a be (3/2)/((-90)/(-840)). Let m(n) = n**3 - 13*n**2 - 13*n - 7. Calculate m(a).
7
Let d = -7 + 27. Suppose -8*r + 12*r - d = 0. Let y(s) = 1 - 14*s**3 - 6*s**2 - r + 4*s + 15*s**3. Calculate y(5).
-9
Let k(c) = 2*c**2 - 21*c + 14. Let v be k(10). Let d(x) = -x - 9. Give d(v).
-13
Let a(t) be the first derivative of 3*t**2 - t - 186. What is a(4)?
23
Let h(q) be the first derivative of 5/2*q**2 + 6 + 1/3*q**3 - 2*q. Determine h(-5).
-2
Let b(x) = -x**3 + 3*x**2 - x - 2. Let t(l) = 3*l**3 - 5*l**2 + 2*l + 5. Let i(v) = 5*b(v) + 2*t(v). Give i(-5).
5
Let p(d) be the third derivative of d**6/40 + d**5/30 + d**4/12 + d**3/6 + 2*d**2 - 72*d. Calculate p(-1).
-2
Let w(h) = -h + 8. Let f(x) = -x. Let s(k) = 4*f(k) - w(k). Suppose 3*l + 12 = -2*p - 6, -2*p - 4*l - 20 = 0. What is s(p)?
10
Let o(z) = z**3 + 11*z**2 - 14*z - 23. Let x be (-4)/18 + 212*21/(-378). Calculate o(x).
1
Let g(t) = -t**2 + 9*t + 5. Suppose -23*h + 329 = 99. Calculate g(h).
-5
Let p(o) = -3*o + 50. Let v(h) = h**3 + 22*h**2 + 53*h - 60. Let b be v(-19). Determine p(b).
2
Suppose 30*l - 2 = 28*l. Let i(p) = 59*p**2 - 2*p + 1. Calculate i(l).
58
Let c(q) be the third derivative of -q**5/60 + q**4/6 + q**3/2 + 11*q**2. Let y(o) = o**2 - 6*o + 3. Let k be y(5). What is c(k)?
-9
Let m(d) = -d**3 + 6*d**2 - 10*d + 7. Let g be m(3). Let r(i) = i**3 - i**2 - 5*i - 1. Calculate r(g).
27
Let g(h) = -3*h**3 - h**2 + h + 8. Let y(o) = -8*o**3 - 2*o**2 + 2*o + 23. Let t(u) = 11*g(u) - 4*y(u). What is t(-4)?
0
Let x be 25 + 1 - (-7 - -9). Let s be 16/9 + x/108. Let u(y) = -1 - 5*y - 7*y**s - 1 - y**3 + 14 - 6. Determine u(-6).
0
Suppose 4*m + 0 = 40. Suppose -3*y + 41 = 8. Let z = y - m. Let c(f) = 4*f - 1. Give c(z).
3
Let c be ((-1)/(-6)*-2)/(2/36). Let l(n) = 2*n - 6. Give l(c).
-18
Let s = 12/13 + -131/156. Let c(y) be the second derivative of 0 + 5*y - 5/2*y**2 - 1/3*y**3 - s*y**4. Give c(-4).
-13
Let p(k) = 5*k**2 - 16. Let x(j) = -4*j**2 + 12. Let w(i) = 3*p(i) + 4*x(i). Calculate w(-1).
-1
Let g(h) be the third derivative of h**6/720 + h**5/60 + h**4/8 + 4*h**2. Let k(l) be the second derivative of g(l). Give k(-7).
-5
Let q(v) = -v**2 + 3. Suppose -2*y + 12 = -2*m, 2 + 1 = -5*m - 4*y. Let i be 2*8 + (-3)/m. Let r = i + -17. Calculate q(r).
3
Suppose -2 = n, 5*n + 8 = -4*c - 2. Let g(s) = -4*s + 5 - 4 - 5*s + c. Give g(1).
-8
Suppose -5*t - 3*h = 24, -5*t - 4*h - 27 = -0. Let a(z) = -2*z**3 - 4*z**2 - z - 3. Calculate a(t).
18
Let m(b) = -b**2 + 4*b - 1. Suppose -4*i - 76 + 100 = 0. Determine m(i).
-13
Let k(q) = -q + 2. Let n(o) = 2*o + 19. Let w be n(-3). Suppose f = 4*z - w, 3*z + 5*f + 15 = -2*z. Determine k(z).
0
Let r(p) = -7*p + 0*p**2 - p**2 + 9*p - 6*p. Let y(u) = -4*u**2 - 12*u - 1. Let n(i) = -7*r(i) + 2*y(i). Give n(2).
2
Let t = 50 - 51. Let s(w) = w**3 - w - 1. Let v(q) = -5*q**3 - 2*q**2 + 3*q. Let g(d) = t*v(d) - 2*s(d). Let k(z) = 2*z + 2. Let r be k(-2). Calculate g(r).
-12
Let c(g) = g**3 + g**2 - 7*g + 8. Let t(s) = s**2 + s - 1. Suppose -8*v + 25 = -13*v. Let a(p) = v*t(p) - c(p). Give a(-6).
-15
Let f(g) = 2*g - 13 + 0 - 3 - 6*g. Calculate f(-5).
4
Suppose 110 = -937*r + 948*r. Let w(m) = 3*m - 24. What is w(r)?
6
Let k(l) = -l**3 - 6*l**2 + 6*l + 6. Let w(h) = -5*h + 94. Let u be w(20). What is k(u)?
-30
Let k(l) be the first derivative of l**2/2 - 4. Suppose -v - v + 5*z + 19 = 0, 0 = -v - z + 13. Suppose 0 = 2*g - 5*g - v. What is k(g)?
-4
Suppose 0 = a - 11*h + 8*h - 15, 24 = 4*a - 3*h. Let n(y) = -y**3 + 4. Let o(u) = 2*u**3 - u**2 + u - 8. Let d(i) = 7*n(i) + 4*o(i). Determine d(a).
-1
Suppose 3 + 1 = 5*a + 3*q, -4*a = 5*q + 2. Let f(m) = m**3 - m**2 - 3*m + 3. What is f(a)?
1
Suppose -20 = -4*b + 2*d, -5*d + 4*d + 8 = 4*b. Suppose -b = 3*r - 9. Let c(s) = r*s**2 + 2*s + s + 4 + 2*s**2 + s**3 - 6. What is c(-3)?
-2
Let m(u) = -9 - 38*u - 4 + 37*u. Calculate m(0).
-13
Let z be (-65)/(-520) + 23/8. Let q(a) = a**2 + 2. Determine q(z).
11
Let m(h) = h**3 - 13*h**2 + 4*h - 52. Let g be m(13). Suppose 0 = -9*x - g - 27. Let r(b) = 2*b**3 + 3*b**2 + 3. Give r(x).
-24
Let x(q) be the first derivative of 13*q**3/3 - q + 178. Calculate x(-1).
12
Let f(n) = -3*n + 36. Let c be f(14). Let o(z) = -z + 6. Let u(y) = y + 1. Let g(d) = o(d) + 2*u(d). Give g(c).
2
Let x(r) be the second derivative of r**7/840 - r**6/360 - r**5/120 + r**4/24 + r**3/2 - 12*r. Let g(m) be the second derivative of x(m). Calculate g(1).
0
Suppose -10 = 9*s - 14*s. Let v(k) = -2*k - 4*k - 4*k + 2*k - 8 - k**s. Suppose 0 = -4*z - 12, 2 = x - 4*z - 4. What is v(x)?
4
Let v be 4*1*(-6)/(-8). Let g = -15 - -23. Suppose v*f - g*f - 10 = 0. Let p(n) = 2*n**2 + 4*n + 3. Calculate p(f).
3
Let t be (-5)/2*(-30)/(-25). Let o be (t + 0 + 3)/2. Let w(z) = -z - 8. Determine w(o).
-8
Let h(p) be the second derivative of 1/10*p**5 - 1/6*p**3 - p + 1/6*p**4 - 1/2*p**2 + 0. Determine h(-2).
-7
Let s be (3 + -1)*11/22*14. Let n(i) = -2*i + 30. Calculate n(s).
2
Let z(t) be the first derivative of -t**3/3 - 3*t**2 + 5*t + 12. Let y(k) = k**2 - 10*k - 9. Let o be y(11). Let x be o/(-4) + (-9)/2. Determine z(x).
10
Let g(u) = u**2 + 2*u - 2. Let x(z) = -z**3 + 12*z**2 - 12*z + 7. Let j = 13 + 8. Let m be 9 - (-7)/(j/6). Let h be x(m). What is g(h)?
6
Let s(l) be the third derivative of -l**5/60 + 3*l**4/8 + 3*l**3/2 - l**2 + 141. Determine s(8).
17
Let j(h) be the second derivative of 0 + 0*h**2 - 5*h - 1/6*h**3. Determine j(-7).
7
Let k(u) = 5*u**3 + 13 - 11 - 4*u**3 + 0*u + 0*u + 2*u**2. Calculate k(-3).
-7
Let g(x) = -x**3 + 5*x**2 - 2*x - 4. Let r(k) = 2 - 3*k + 15*k - 11*k. Let w be 9/(-6)*(-8)/6. Let h be r(w). What is g(h)?
4
Suppose -3*l + 2 = -2*z - 2*l, -3*l + 17 = 5*z. Let c(r) = -3 - 8*r + 10*r + 1 + z. What is c(-2)?
-5
Let h(t) = -8*t**2 + 64*t - 26. Let m(w) = -3*w**2 + 23*w - 9. Let j(s) = -4*h(s) + 11*m(s). Calculate j(-5).
-5
Let j(k) be the third derivative of k**6/120 - 2*k**5/15 - k**4/2 - 5*k**3/6 - 4*k**2 - 16. What is j(9)?
-32
Let j(v) = 20 + 8 - 44 + 2*v + 15 - v**2. What is j(5)?
-16
Let u(s) be the third derivative of -20*s**2 + 0*s - s**3 + 0 + 1/8*s**4. Suppose -2*h = 5*l - 29, l - 4*h = -2*l + 7. Calculate u(l).
9
Let p be 2*1 - (11 + 0). Let m be (p/12)/((-3)/8). Suppose -2*j + 6*j = 4*v - 28, 4*v - 26 = m*j. Let q(n) = -n**3 + 5*n**2 + 4*n + 6. What is q(v)?
-6
Suppose -16*t = 7*t - 368. Let i(k) = -k**2 + 17*k - 8. Calculate i(t).
8
Let c(f) = 3*f**2 - 5*f**3 + 0*f**3 - 4*f**2 + f. Suppose 0 = 207*z - 178*z - 29. Determine c(z).
-5
Let c(n) = n**3 - 3*n**2 + 7*n - 1. Let r(o) = -o**3 + 25*o**2 - 3*o + 78. Let y be r(25). Calculate c(y).
20
Suppose -3*f + 7 = -4*g - 0, 0 = 4*g + 4*f. Let d be -2 - (3 + g + -4). Let y(q) be the third derivative of -q**6/120 + q**4/24 + q**3/3 + 5*q**2. Give y(d).
2
Let l(g) = 3*g + 14 - g + 1 - 2*g - 5*g. Determine l(4).
-5
Let m(q) = q**2 + 4*q + 3.